-6)/10)/(d/5). Suppose 0 = 2*m - 10, 8*m - 13 = 4*i + x*m. What are the prime factors of i?
3
Suppose 0 = -3*g - 0*g. Suppose 3*c + 0 - 18 = g. List the prime factors of c.
2, 3
Let t(d) = 2*d - 3. Let j(l) = -61 + 61 + l. Let n(q) = 3*j(q) - t(q). What are the prime factors of n(4)?
7
Let o = -5 + 11. Let b = o - -9. List the prime factors of b.
3, 5
Let u = -1 - -5. List the prime factors of (-1)/u + (-61)/(-4).
3, 5
Suppose -b - 4*p = -0*b + 7, 3*p = b. What are the prime factors of (-128)/(-12) + 2/b?
2, 5
Suppose 2*h + 2*h - 2*y = 632, 4 = -2*y. List the prime factors of h.
157
What are the prime factors of (-8 - 6)*(-1 + 0)?
2, 7
Suppose 5*r = 245 - 55. List the prime factors of r.
2, 19
Suppose -5*g + 4*f - 1 = -13, 0 = -g + 2*f. Suppose g*i - 111 = -27. What are the prime factors of (-15 - -1)*i/(-14)?
3, 7
Let k(y) = -y**3 - 10*y**2 - 9*y + 4. Let j be k(-9). Suppose -j*l - 3*q + 35 = -9, -4*q = 2*l - 12. List the prime factors of l.
2, 7
Suppose 7 = 3*v - 2*v. Suppose -5*d - 34 = -3*o + v, -33 = -3*o + 3*d. List the prime factors of o.
7
Suppose t - f = 3, -f - 2 = -2*t - 3*f. Suppose -t*v + 4*j + 38 = -48, -j = -3*v + 114. Suppose 19 + v = 4*c. List the prime factors of c.
2, 7
Let c = 8 + -7. Suppose -c - 32 = -3*l. List the prime factors of l.
11
Suppose -i + q - 5*q + 19 = 0, -3*q - 3 = -5*i. List the prime factors of 36 - (-4 + i - 3).
2, 5
List the prime factors of -3 + 12/8*4.
3
Suppose 0 = q - 4*q + 57. Let s = 53 - q. What are the prime factors of s?
2, 17
Let t(i) = 4*i**2 + i + 11. List the prime factors of t(-5).
2, 53
Suppose 6 = 4*v - 34. What are the prime factors of v?
2, 5
Let i be (-6)/(-10) + (-34)/(-10). Suppose -4*v = -3*v - i. Suppose -t = 3*o - 16, 0*o - 4*o - v*t + 16 = 0. List the prime factors of o.
2, 3
Let n(u) be the third derivative of u**6/120 + u**5/10 + u**4/8 + u**3/2 + u**2. List the prime factors of n(-4).
23
Let m be 0 + 5 - 3/1. What are the prime factors of (-84)/(-4) - (-2 + m)?
3, 7
Let x be 140/(-63) + (-4)/(-18). Let f be (-29)/x + 6/(-12). Suppose 2*a - 2*s - f = -a, 0 = -2*a + 5*s + 2. List the prime factors of a.
2, 3
Suppose -4*b + 44 = 4*o, -5*o + 4*b - 8*b + 60 = 0. List the prime factors of o.
2
Suppose -z - 7 = -4*f, -4*f = f + 5*z - 15. Suppose -4*t + 10 = -f. What are the prime factors of t?
3
Let v = 6 + 2. Suppose 3*s + 5*n = 2*s + v, -3*s - 2*n = -24. What are the prime factors of s?
2
Suppose 5 = -b - 2*a, 4*b - 2*b - 5*a + 10 = 0. Let v be 0/(2/(-1) - b). Suppose v*g = -g + 11. List the prime factors of g.
11
Let q(o) be the third derivative of o**6/40 + o**5/60 - o**3/6 + 2*o**2. List the prime factors of q(1).
3
Let f(o) = -20*o + 2. Let z be f(-3). Suppose w = -54 + 10. Let p = z + w. List the prime factors of p.
2, 3
Let j be (-4)/14 - 8/(-28). Suppose 3*y = -j*y + 60. What are the prime factors of y?
2, 5
Let v(p) = p**2 - 2*p - 9. Suppose 3*w - 14 = 7. List the prime factors of v(w).
2, 13
Let k(x) = x**2 + 7*x + 9. Let b be k(-6). Suppose -b*l + 0*l = -45. Let g = 23 - l. What are the prime factors of g?
2
Suppose 2*n + 48 = 4*p, p - 2*p = n + 9. Let v(m) = -m**2 + m. Let k be v(2). List the prime factors of ((-48)/n)/k*-7.
2, 3
Let i(n) = -n**3 - 15*n**2 + 11*n + 6. List the prime factors of i(-16).
2, 43
Let j(o) = 2 + 0 + 2*o + 0 - 6*o. Let r be j(4). Let t = r + 26. What are the prime factors of t?
2, 3
Let o be 1 - 0/(-3)*-1. Let c be (3/o)/6*0. Suppose c = -f - 3*f - p + 55, -f - 3*p + 11 = 0. List the prime factors of f.
2, 7
Suppose 0 = 3*l - 8*l + 325. What are the prime factors of l?
5, 13
Suppose 65 = -5*w - 5*u, 0 = w - u - 0*u + 3. List the prime factors of (-5)/((-10)/w)*-1.
2
Let z be 66/14 + 8/28. Let k(h) = 2*h + 3. List the prime factors of k(z).
13
Let o(f) = -3*f + 10. Let l(y) = 10*y - 31. Let b(i) = -2*l(i) - 7*o(i). Let u be b(6). Let c = 5 + u. List the prime factors of c.
3
What are the prime factors of (276 - 5)/((-2)/(-2))?
271
Let f be 5/(15/(-24))*-1. Let u be (-2 - -5)*(1 + 0). Let l = u + f. What are the prime factors of l?
11
Suppose -5*i + 44 = 4*w - i, -5*i = -5*w + 45. Suppose -44 = 2*v - w. Let p = v - -25. What are the prime factors of p?
2
What are the prime factors of (21/(-28))/(2/(-48))?
2, 3
List the prime factors of 5/(-105)*3 + 3300/21.
157
Let j(o) = o**3 - 8*o**2 - 2*o + 9. Let n be j(8). Let f(d) = d + 14. List the prime factors of f(n).
7
Suppose 0 = -m + 4*m. List the prime factors of 0 + (-2 - m) + 9.
7
Let l(x) = -6*x**3 - 3*x**2 + 2. List the prime factors of l(-2).
2, 19
Let k(i) = -107*i**3. Let r be k(-1). Let s = r + -66. What are the prime factors of s?
41
Suppose 4*o = o + 84. Suppose 0 = 4*v + 2*f - 48, -v + 2*v - 4*f = 3. Let h = o - v. List the prime factors of h.
17
Suppose 0 = 4*z + 2*x - 166, -2*x + 93 = 2*z + x. Let g = 68 - z. List the prime factors of g.
29
Let h = 11 + -2. Let j = h - 6. What are the prime factors of j?
3
Suppose -n = 2*n - 36. Suppose -5*x = -3*v - 1 - 19, 3*x - n = 5*v. What are the prime factors of x?
2
Suppose -n + 2 + 1 = 0. Let c be ((-5)/n)/((-1)/3). Suppose -3*q - 4*i = -28, 5*q - 32 = 2*q - c*i. List the prime factors of q.
2
Let h(o) = -o + 8. Let b(z) = 6*z**2 - 6*z + 13. Let q(x) = x**2 + 1. Let v(k) = -b(k) + 5*q(k). Let u be v(6). What are the prime factors of h(u)?
2
List the prime factors of ((-165)/5)/(6/(-16)).
2, 11
Let b(c) = -5*c - 7. Let v(n) = -6 + 2*n - 6*n - 1. Let r(t) = 5*b(t) - 6*v(t). List the prime factors of r(3).
2
Suppose -156 = -5*t + 2*r, 2*t - 2*r + 4*r = 68. Suppose m = -0*z - 5*z + t, -5*m + 5*z = -10. What are the prime factors of m?
7
Suppose -5*y = -20, 2*r = 3*r + y - 26. List the prime factors of r.
2, 11
Let u be 1 + 3/((-3)/(-2)). Let d = u - 5. List the prime factors of 38/6 - d/(-6).
2, 3
Let a(d) be the first derivative of -d**2/2 + 5*d + 1. Let i(x) = -4*x**2 - 2*x + 1. Let s be i(1). List the prime factors of a(s).
2, 5
Let c(n) be the first derivative of -n**3/6 - 3*n**2/2 + 3*n - 2. Let f(y) be the first derivative of c(y). List the prime factors of f(-8).
5
Suppose -4 = -4*h, 3*h - 3 = o - 1. What are the prime factors of o/(50/24 - 2)?
2, 3
Let g = -63 + 144. List the prime factors of g.
3
Suppose -18*p + 9*p + 1800 = 0. What are the prime factors of p?
2, 5
Let c = 25 - 13. Suppose 3*d = 2*d + 3*h + 18, -c = d + 3*h. Suppose -3 = -m + d. List the prime factors of m.
2, 3
List the prime factors of (-18)/5*15/(-2).
3
Suppose -130 = -4*q + 98. List the prime factors of q.
3, 19
Suppose 0*g = 2*g + 16. Let y be (-84)/g*4/(-6). Let l(i) = -4*i - 9. What are the prime factors of l(y)?
19
Let i = 195 + -59. List the prime factors of i.
2, 17
Let d(q) = -q**3 - 8*q**2 - 8*q + 4. Let h be (0 + -1)/((-1)/(-7)). List the prime factors of d(h).
11
List the prime factors of ((-10)/(-3))/((-1)/(-33)).
2, 5, 11
What are the prime factors of -2 - -39*8/12?
2, 3
List the prime factors of (-7 + 2)/((-7)/14).
2, 5
Let h = 58 - 19. Suppose 4*s - 2*b = -16 + 68, -3*s = -b - h. List the prime factors of s.
13
Let q(l) = -l + 4. Let u be q(-3). What are the prime factors of (-550)/(-35) - (-2)/u?
2
Let o(c) = c**2 - 3*c. Let w = 13 - 18. Let r be o(w). Suppose r = 5*n - 5*v, -10 = 5*v - 3*v. List the prime factors of n.
3
Suppose 6*q - 330 - 1824 = 0. List the prime factors of q.
359
Let g(a) = a + 7. Let t be g(-6). What are the prime factors of (-40)/(t - 4 - -2)?
2, 5
Let t(b) = 5*b + 8. Let r(u) = 2*u + 3. Let i(h) = -8*r(h) + 3*t(h). Suppose -4*n + c - 24 + 3 = 0, 3*c - 18 = 3*n. What are the prime factors of i(n)?
5
Suppose 4*r = -0*s + s + 144, -2*s = -2*r + 78. What are the prime factors of r?
5, 7
Let r = 49 + 11. What are the prime factors of r?
2, 3, 5
Let i(a) = -a**3 + 3*a + 3. Let g be i(-2). Suppose 4*v + 3 + 5 = g*h, 3*v + 6 = -h. Suppose h = 2*b + 2*b - 96. What are the prime factors of b?
2, 3
Suppose s + 4*f = -29, -3*s = -6*f + 3*f + 12. Let l = 2 - 5. Let n = l - s. What are the prime factors of n?
2, 3
Let b be (-6 + 6)/(3 + -1). Suppose 2*o + b = 2. List the prime factors of o/3 - 328/(-24).
2, 7
Suppose 4*a - 3*z - 8 = -z, 2*a - 8 = -z. Suppose 0 = 5*l - 0*l. Suppose -h = 4*c - l*c - 52, 2*c - 12 = a*h. List the prime factors of c.
2, 3
Suppose q - u + 59 = 5*q, -4*u = 5*q - 82. Suppose -5*s + v - 25 = -v, -v = -3*s - q. What 